te the remainder when 118 is divided by 54.
10
What is the remainder when 832 is divided by 103?
8
Calculate the remainder when 14 is divided by 9.
5
Calculate the remainder when 727 is divided by 74.
61
Calculate the remainder when 272 is divided by 12.
8
Calculate the remainder when 151 is divided by 17.
15
What is the remainder when 363 is divided by 9?
3
What is the remainder when 94 is divided by 9?
4
Calculate the remainder when 1612 is divided by 51.
31
What is the remainder when 332 is divided by 9?
8
Calculate the remainder when 850 is divided by 3.
1
Calculate the remainder when 997 is divided by 77.
73
What is the remainder when 69 is divided by 10?
9
Calculate the remainder when 30 is divided by 10.
0
What is the remainder when 275 is divided by 35?
30
What is the remainder when 160 is divided by 117?
43
Calculate the remainder when 136 is divided by 50.
36
What is the remainder when 365 is divided by 88?
13
Calculate the remainder when 74 is divided by 36.
2
Calculate the remainder when 2913 is divided by 127.
119
Calculate the remainder when 219 is divided by 213.
6
Calculate the remainder when 380 is divided by 200.
180
What is the remainder when 272 is divided by 45?
2
What is the remainder when 397 is divided by 25?
22
What is the remainder when 30 is divided by 3?
0
Calculate the remainder when 146 is divided by 116.
30
Calculate the remainder when 342 is divided by 22.
12
Calculate the remainder when 902 is divided by 287.
41
Calculate the remainder when 3574 is divided by 256.
246
Calculate the remainder when 70 is divided by 39.
31
What is the remainder when 32344 is divided by 5?
4
What is the remainder when 1088 is divided by 10?
8
What is the remainder when 1938 is divided by 185?
88
Calculate the remainder when 351 is divided by 174.
3
What is the remainder when 3174 is divided by 175?
24
Calculate the remainder when 8984 is divided by 21.
17
What is the remainder when 226 is divided by 12?
10
What is the remainder when 1131 is divided by 76?
67
What is the remainder when 468 is divided by 65?
13
Calculate the remainder when 2085 is divided by 1036.
13
Calculate the remainder when 36 is divided by 13.
10
Calculate the remainder when 40 is divided by 29.
11
What is the remainder when 83 is divided by 50?
33
What is the remainder when 22138 is divided by 12?
10
What is the remainder when 947 is divided by 33?
23
Calculate the remainder when 13648 is divided by 15.
13
What is the remainder when 271 is divided by 255?
16
What is the remainder when 74 is divided by 26?
22
Calculate the remainder when 15900 is divided by 43.
33
Calculate the remainder when 439 is divided by 44.
43
What is the remainder when 901 is divided by 188?
149
Calculate the remainder when 294 is divided by 89.
27
What is the remainder when 63 is divided by 16?
15
Calculate the remainder when 1003 is divided by 303.
94
What is the remainder when 1434 is divided by 9?
3
What is the remainder when 90 is divided by 82?
8
What is the remainder when 918 is divided by 4?
2
Calculate the remainder when 323 is divided by 314.
9
Calculate the remainder when 407 is divided by 17.
16
What is the remainder when 2413 is divided by 11?
4
Calculate the remainder when 982 is divided by 2.
0
What is the remainder when 949 is divided by 283?
100
What is the remainder when 3273 is divided by 126?
123
What is the remainder when 81 is divided by 13?
3
What is the remainder when 46702 is divided by 16?
14
Calculate the remainder when 151 is divided by 52.
47
Calculate the remainder when 12050 is divided by 123.
119
What is the remainder when 61 is divided by 21?
19
What is the remainder when 728 is divided by 9?
8
Calculate the remainder when 1252 is divided by 38.
36
What is the remainder when 470 is divided by 68?
62
Calculate the remainder when 222 is divided by 33.
24
Calculate the remainder when 1240 is divided by 169.
57
Calculate the remainder when 90 is divided by 21.
6
What is the remainder when 2360 is divided by 17?
14
What is the remainder when 85 is divided by 30?
25
What is the remainder when 3635 is divided by 104?
99
Calculate the remainder when 477 is divided by 82.
67
Calculate the remainder when 306 is divided by 103.
100
Calculate the remainder when 208 is divided by 108.
100
Calculate the remainder when 935 is divided by 12.
11
Calculate the remainder when 339 is divided by 31.
29
Calculate the remainder when 5479 is divided by 137.
136
Calculate the remainder when 15896 is divided by 100.
96
What is the remainder when 32 is divided by 20?
12
Calculate the remainder when 279 is divided by 47.
44
Calculate the remainder when 392 is divided by 122.
26
What is the remainder when 4798 is divided by 479?
8
What is the remainder when 36175 is divided by 28?
27
What is the remainder when 1100 is divided by 58?
56
What is the remainder when 1218 is divided by 33?
30
Calculate the remainder when 698 is divided by 188.
134
Calculate the remainder when 43 is divided by 9.
7
Calculate the remainder when 142 is divided by 9.
7
Calculate the remainder when 159 is divided by 49.
12
Calculate the remainder when 50 is divided by 4.
2
Calculate the remainder when 7348 is divided by 210.
208
What is the remainder when 1213 is divided by 194?
49
Calculate the remainder when 91 is divided by 31.
29
Calculate the remainder when 213 is divided by 65.
18
What is the remainder when 263 is divided by 98?
67
Calculate the remainder when 461 is divided by 68.
53
What is the remainder when 5254 is divided by 97?
16
Calculate the remainder when 740 is divided by 180.
20
Calculate the remainder when 135 is divided by 68.
67
What is the remainder when 194 is divided by 21?
5
What is the remainder when 79 is divided by 62?
17
Calculate the remainder when 73 is divided by 33.
7
Calculate the remainder when 76 is divided by 2.
0
What is the remainder when 1462 is divided by 727?
8
Calculate the remainder when 44 is divided by 33.
11
Calculate the remainder when 106 is divided by 49.
8
What is the remainder when 151 is divided by 15?
1
Calculate the remainder when 186 is divided by 32.
26
What is the remainder when 186 is divided by 61?
3
Calculate the remainder when 3392 is divided by 29.
28
Calculate the remainder when 228 is divided by 31.
11
What is the remainder when 240 is divided by 82?
76
What is the remainder when 478 is divided by 47?
8
Calculate the remainder when 309 is divided by 55.
34
Calculate the remainder when 184 is divided by 81.
22
What is the remainder when 44 is divided by 9?
8
What is the remainder when 5675 is divided by 167?
164
What is the remainder when 631 is divided by 90?
1
Calculate the remainder when 58 is divided by 32.
26
Calculate the remainder when 32 is divided by 18.
14
Calculate the remainder when 53 is divided by 4.
1
What is the remainder when 762 is divided by 51?
48
Calculate the remainder when 1152 is divided by 8.
0
Calculate the remainder when 952 is divided by 9.
7
What is the remainder when 226 is divided by 77?
72
Calculate the remainder when 360 is divided by 33.
30
Calculate the remainder when 470 is divided by 28.
22
What is the remainder when 350 is divided by 9?
8
Calculate the remainder when 1461 is divided by 61.
58
What is the remainder when 1151 is divided by 17?
12
Calculate the remainder when 482 is divided by 22.
20
Calculate the remainder when 50 is divided by 17.
16
What is the remainder when 11919 is divided by 14?
5
What is the remainder when 1008 is divided by 101?
99
What is the remainder when 110 is divided by 71?
39
What is the remainder when 2293 is divided by 4?
1
What is the remainder when 244 is divided by 67?
43
Calculate the remainder when 895 is divided by 69.
67
Calculate the remainder when 28 is divided by 27.
1
Calculate the remainder when 101 is divided by 64.
37
What is the remainder when 85 is divided by 53?
32
What is the remainder when 892 is divided by 214?
36
Calculate the remainder when 1126 is divided by 177.
64
Calculate the remainder when 197 is divided by 36.
17
What is the remainder when 281 is divided by 256?
25
What is the remainder when 261 is divided by 6?
3
What is the remainder when 2086 is divided by 87?
85
What is the remainder when 782 is divided by 132?
122
What is the remainder whe